ime factors of 45846189?
3, 1698007
List the prime factors of 59271941.
59271941
List the prime factors of 127998582.
2, 3, 21333097
What are the prime factors of 19545672?
2, 3, 814403
List the prime factors of 1135288476.
2, 3, 7, 4505113
List the prime factors of 635066655.
3, 5, 5281, 8017
What are the prime factors of 3285665939?
17, 3433, 56299
List the prime factors of 1431396639.
3, 159044071
List the prime factors of 610872173.
19, 32151167
List the prime factors of 98588383.
61, 149, 10847
List the prime factors of 236392850.
2, 5, 23, 205559
List the prime factors of 786314033.
29, 27114277
List the prime factors of 4879008878.
2, 2439504439
What are the prime factors of 25580640?
2, 3, 5, 137, 389
List the prime factors of 7571223164.
2, 1892805791
What are the prime factors of 168998826?
2, 3, 28166471
List the prime factors of 82240428.
2, 3, 6853369
List the prime factors of 447313294.
2, 223656647
What are the prime factors of 430465713?
3, 167, 859213
List the prime factors of 522651011.
23, 37, 439, 1399
List the prime factors of 42427479.
3, 23, 607, 1013
What are the prime factors of 432519873?
3, 223, 419, 1543
List the prime factors of 17149509.
3, 13, 48859
What are the prime factors of 5403345416?
2, 7, 17, 617, 9199
List the prime factors of 30548133.
3, 7, 11, 17, 2593
List the prime factors of 1149648616.
2, 881, 163117
List the prime factors of 1020247937.
1020247937
List the prime factors of 329666819.
97, 3398627
List the prime factors of 89420187.
3, 17, 1129, 1553
List the prime factors of 161222639.
9323, 17293
What are the prime factors of 91223259?
3, 30407753
What are the prime factors of 27604394?
2, 13802197
What are the prime factors of 369974431?
29, 12757739
What are the prime factors of 385362869?
79, 4878011
What are the prime factors of 139902070?
2, 5, 7, 11, 31, 5861
What are the prime factors of 5337016?
2, 667127
List the prime factors of 86051942.
2, 241, 178531
List the prime factors of 73854535.
5, 14770907
List the prime factors of 501386228.
2, 7, 2558093
What are the prime factors of 46212227?
31, 1490717
What are the prime factors of 1662266915?
5, 439, 757297
What are the prime factors of 56950259?
269, 211711
What are the prime factors of 78255837?
3, 11, 619, 1277
List the prime factors of 3815001021.
3, 13, 97820539
List the prime factors of 213848748.
2, 3, 220009
List the prime factors of 1220367.
3, 406789
List the prime factors of 4274859424.
2, 11, 41, 67, 4421
What are the prime factors of 1575441486?
2, 3, 87524527
List the prime factors of 1971489562.
2, 7, 140820683
List the prime factors of 36869009.
47, 784447
What are the prime factors of 54031168?
2, 17, 53, 937
List the prime factors of 41765588.
2, 191, 54667
What are the prime factors of 730756688?
2, 2311, 19763
List the prime factors of 594063706.
2, 317, 937009
What are the prime factors of 730058200?
2, 5, 17, 214723
What are the prime factors of 385688227?
409, 943003
List the prime factors of 215635072.
2, 17, 41, 2417
What are the prime factors of 43233700?
2, 5, 432337
List the prime factors of 38877692.
2, 7, 89, 15601
List the prime factors of 4206928874.
2, 3853, 545929
What are the prime factors of 3769392651?
3, 23, 54628879
What are the prime factors of 68382578?
2, 11, 577, 5387
List the prime factors of 3113757922.
2, 11, 59, 2398889
What are the prime factors of 62165939?
11, 5651449
What are the prime factors of 3768515574?
2, 3, 41, 2797, 5477
List the prime factors of 99891220.
2, 5, 11, 13, 53, 659
What are the prime factors of 100993758?
2, 3, 79, 213067
List the prime factors of 62129688.
2, 3, 1597, 1621
List the prime factors of 117104909.
167, 701227
List the prime factors of 379050599.
439, 773, 1117
List the prime factors of 799971599.
7, 3121, 5231
What are the prime factors of 604865974?
2, 302432987
List the prime factors of 8106981.
3, 2702327
What are the prime factors of 35635840?
2, 5, 55681
What are the prime factors of 5860889564?
2, 36899, 39709
What are the prime factors of 1925660098?
2, 962830049
What are the prime factors of 560506040?
2, 5, 31, 223, 2027
List the prime factors of 1487223182.
2, 29, 101, 253879
What are the prime factors of 244886232?
2, 3, 2713, 3761
List the prime factors of 236435880.
2, 3, 5, 199, 9901
What are the prime factors of 1292654981?
1292654981
What are the prime factors of 89211757?
1619, 55103
List the prime factors of 724894006.
2, 2441, 148483
List the prime factors of 3867806250.
2, 3, 5, 7, 11, 19, 47
What are the prime factors of 3407416493?
13, 262108961
What are the prime factors of 1119917386?
2, 7, 79994099
What are the prime factors of 69609915?
3, 5, 233, 2213
What are the prime factors of 36536755?
5, 31, 107, 2203
List the prime factors of 4404241516.
2, 67, 1069, 15373
What are the prime factors of 484213554?
2, 3, 11, 2445523
What are the prime factors of 27253739?
101, 149, 1811
What are the prime factors of 3310778663?
443, 7473541
What are the prime factors of 2305316851?
103, 22381717
List the prime factors of 600791460.
2, 3, 5, 73, 1879
What are the prime factors of 57012269?
47, 1213027
List the prime factors of 77985758.
2, 761, 51239
What are the prime factors of 154195416?
2, 3, 2141603
List the prime factors of 341573092.
2, 7, 23, 530393
What are the prime factors of 83141620?
2, 5, 59, 70459
What are the prime factors of 1722950959?
751, 2294209
What are the prime factors of 1782745650?
2, 3, 5, 7, 89, 6359
What are the prime factors of 63585594?
2, 3, 409, 2879
List the prime factors of 1463495175.
3, 5, 23, 107, 881
What are the prime factors of 212243874?
2, 3, 35373979
List the prime factors of 3158028323.
19, 811, 204947
List the prime factors of 34436653.
79, 435907
List the prime factors of 163336858.
2, 2311, 35339
List the prime factors of 148982456.
2, 7, 2660401
List the prime factors of 530466744.
2, 3, 22102781
List the prime factors of 348542926.
2, 174271463
What are the prime factors of 4880993?
13, 307, 1223
List the prime factors of 421556331.
3, 7, 113, 177647
What are the prime factors of 152938324?
2, 7, 11, 17, 29209
What are the prime factors of 165912753?
3, 55304251
List the prime factors of 206689617.
3, 31, 246941
List the prime factors of 415191464.
2, 109, 476137
What are the prime factors of 322683468?
2, 3, 23, 557, 2099
What are the prime factors of 112869314?
2, 37, 1525261
What are the prime factors of 888074954?
2, 13, 373, 91573
List the prime factors of 34993828.
2, 41, 379, 563
List the prime factors of 67445651.
7, 13, 163, 4547
List the prime factors of 807613428.
2, 3, 131, 513749
What are the prime factors of 6152325574?
2, 3076162787
What are the prime factors of 590321844?
2, 3, 7, 53, 1637
What are the prime factors of 10281843?
3, 11, 13, 2663
What are the prime factors of 829529276?
2, 433, 478943
What are the prime factors of 110830211?
19, 5833169
What are the prime factors of 973644130?
2, 5, 97364413
What are the prime factors of 24793373?
11, 503, 4481
What are the prime factors of 291613373?
31, 2393, 3931
List the prime factors of 133189232.
2, 11, 43, 17599
List the prime factors of 1568942.
2, 784471
List the prime factors of 773034491.
191, 4047301
List the prime factors of 901463921.
8923, 101027
What are the prime factors of 133627782?
2, 3, 97, 229601
List the prime factors of 1508044112.
2, 239, 394363
List the prime factors of 49251441.
3, 23, 47, 15187
What are the prime factors of 1188886747?
43, 27648529
What are the prime factors of 1097542668?
2, 3, 223, 410143
What are the prime factors of 224367186?
2, 3, 37, 337, 2999
List the prime factors of 18655180.
2, 5, 31, 30089
List the prime factors of 71443655.
5, 293, 48767
List the prime factors of 37282877.
37282877
What are the prime factors of 5937975?
3, 5, 19, 463
What are the prime factors of 56314578?
2, 3, 29, 323647
List the prime factors of 45147743.
19, 125063
List the prime factors of 3225546972.
2, 3, 337, 265871
What are the prime factors of 1407837?
3, 469279
List the prime factors of 192336303.
3, 1093, 58657
List the prime factors of 1789234549.
97, 131, 139, 1013
What are the prime factors of 134179260?
2, 3, 5, 61, 601
What are the prime factors of 12146018?
2, 619, 9811
What are t